{"id":704,"date":"2017-02-19T21:39:54","date_gmt":"2017-02-19T20:39:54","guid":{"rendered":"http:\/\/vogesus.fr\/?page_id=704"},"modified":"2025-12-25T19:07:51","modified_gmt":"2025-12-25T18:07:51","slug":"saint-laurent-a-lire","status":"publish","type":"page","link":"https:\/\/vogesus.fr\/index.php\/qui-est-andre\/reportages\/saint-laurent-a-lire\/","title":{"rendered":"Saint Laurent et le supplice du feu"},"content":{"rendered":"<h4><span style=\"color: #0000ff;\">Saint Laurent<\/span><\/h4>\n<h4><span style=\"color: #0000ff;\">Le martyre de Saint-Laurent est pr\u00e9sent tout au long de la d\u00e9couverte la statuaire de la cath\u00e9drale.<\/span><\/h4>\n<div id=\"attachment_3063\" style=\"width: 760px\" class=\"wp-caption aligncenter\"><img loading=\"lazy\" decoding=\"async\" aria-describedby=\"caption-attachment-3063\" data-attachment-id=\"3063\" data-permalink=\"https:\/\/vogesus.fr\/index.php\/qui-est-andre\/reportages\/saint-laurent-a-lire\/laurent-grill\/#main\" data-orig-file=\"https:\/\/vogesus.fr\/wp-content\/uploads\/2025\/12\/Laurent-grill.webp\" data-orig-size=\"1755,784\" data-comments-opened=\"1\" data-image-meta=\"{&quot;aperture&quot;:&quot;0&quot;,&quot;credit&quot;:&quot;&quot;,&quot;camera&quot;:&quot;&quot;,&quot;caption&quot;:&quot;&quot;,&quot;created_timestamp&quot;:&quot;0&quot;,&quot;copyright&quot;:&quot;&quot;,&quot;focal_length&quot;:&quot;0&quot;,&quot;iso&quot;:&quot;0&quot;,&quot;shutter_speed&quot;:&quot;0&quot;,&quot;title&quot;:&quot;&quot;,&quot;orientation&quot;:&quot;0&quot;}\" data-image-title=\"Laurent grill\" data-image-description=\"&lt;p&gt;Laurent grill&lt;\/p&gt;\n\" data-image-caption=\"&lt;p&gt;Laurent grill&lt;\/p&gt;\n\" data-large-file=\"https:\/\/vogesus.fr\/wp-content\/uploads\/2025\/12\/Laurent-grill-1024x457.webp\" class=\" wp-image-3063\" title=\"Laurent grill\" src=\"https:\/\/vogesus.fr\/wp-content\/uploads\/2025\/12\/Laurent-grill-300x134.webp\" alt=\"Laurent grill\" width=\"750\" height=\"335\" srcset=\"https:\/\/vogesus.fr\/wp-content\/uploads\/2025\/12\/Laurent-grill-300x134.webp 300w, https:\/\/vogesus.fr\/wp-content\/uploads\/2025\/12\/Laurent-grill-1024x457.webp 1024w, https:\/\/vogesus.fr\/wp-content\/uploads\/2025\/12\/Laurent-grill-768x343.webp 768w, https:\/\/vogesus.fr\/wp-content\/uploads\/2025\/12\/Laurent-grill-1536x686.webp 1536w, https:\/\/vogesus.fr\/wp-content\/uploads\/2025\/12\/Laurent-grill.webp 1755w\" sizes=\"auto, (max-width: 750px) 100vw, 750px\" \/><p id=\"caption-attachment-3063\" class=\"wp-caption-text\">Laurent et le supplice du feu<\/p><\/div>\n<h4><span style=\"color: #0000ff;\">Saint-Laurent est f\u00eat\u00e9 le 10 ao\u00fbt<\/span><\/h4>\n<h4><span style=\"color: #0000ff;\">Laurent, l\u00e9vite et martyre, \u00e9tait d\u2019origine espagnole et fut amen\u00e9 \u00e0 Rome par Saint Sixte, qu\u2019il l\u2019ordonna son archidiacre. En ce temps-l\u00e0, l\u2019empereur Philippe et son fils, \u00e9galement nomm\u00e9 Philippe, \u00e9taient devenu chr\u00e9tiens, et s\u2019effor\u00e7aient de travailler au bien de l\u2019\u00e9glise. Ce Philippe fut le premier empereur qui re\u00e7u la foi du Christ\u00a0; il avait \u00e9t\u00e9 converti, suivant les uns, par Aurig\u00e8ne, suivant d\u2019autres, par sain Ponce. Il r\u00e9gnait dans la milli\u00e8me ann\u00e9e de la fondation de Rome, Dieu ayant voulu que cet anniversaire de la ville sainte appartint au Christ et non aux idoles.<\/span><\/h4>\n<h4><span style=\"color: #0000ff;\"> Or Philippe avait un officier nomm\u00e9 D\u00e9cius qui s\u2019\u00e9tait rendu c\u00e9l\u00e8bre par sa bravoure guerri\u00e8re. Envoy\u00e9 en Gaule pour soumettre \u00e0 l\u2019empire les gaulois rebelles, D\u00e9cius s\u2019acquitta si heureusement de sa mission que Philippe, pour mieux honorer son retour, alla au devant de lui jusqu\u2019\u00e0 V\u00e9rone. Mais D\u00e9cius enivr\u00e9 par son succ\u00e8s, projeta la mort de son ma\u00eetre. Une nuit que celui-ci dormait sous sa tente, D\u00e9cius s\u2019introduisit secr\u00e8tement aupr\u00e8s de lui et l\u2019\u00e9trangla\u00a0; apr\u00e8s quoi il se gagna, \u00e0 force de promesses et de r\u00e9compenses, l\u2019arm\u00e9e qui \u00e9tait venu \u00e0 V\u00e9rone avec le d\u00e9funt empereur, et il marcha sur Rome \u00e0 grandes \u00e9tapes. Alors le fils de Philippe, effray\u00e9, confia \u00e0 saint Sixte et \u00e0 Saint-Laurent tout le tr\u00e9sor de son p\u00e8re, en leur enjoignant de le distribuer aux \u00e9glises et aux pauvres, dans le cas lui-m\u00eame serait tu\u00e9 par D\u00e9cius. <\/span><\/h4>\n<h4><span style=\"color: #0000ff;\">Puis il s\u2019enfuit est se cacha, pendant que le S\u00e9nat alla au devant de D\u00e9cius et le confirmait dans l\u2019empire. Et D\u00e9cius, afin de prouver que ce n\u2019\u00e9tait pas par trahison qu\u2019il avait tu\u00e9 son ma\u00eetre, mais par z\u00e8le religieux, se mit \u00e0 pers\u00e9cuter cruellement les chr\u00e9tiens, ordonnant de les \u00e9gorger tous sans mis\u00e9ricorde. Des milliers de chr\u00e9tiens moururent dans cette pers\u00e9cution, et le jeune Philippe, entre autres, y recueillit la couronne du martyre.<\/span><\/h4>\n<div id=\"attachment_3064\" style=\"width: 420px\" class=\"wp-caption alignleft\"><img loading=\"lazy\" decoding=\"async\" aria-describedby=\"caption-attachment-3064\" data-attachment-id=\"3064\" data-permalink=\"https:\/\/vogesus.fr\/index.php\/qui-est-andre\/reportages\/saint-laurent-a-lire\/laurent-portail\/#main\" data-orig-file=\"https:\/\/vogesus.fr\/wp-content\/uploads\/2025\/12\/Laurent-portail.webp\" data-orig-size=\"1155,1237\" data-comments-opened=\"1\" data-image-meta=\"{&quot;aperture&quot;:&quot;0&quot;,&quot;credit&quot;:&quot;&quot;,&quot;camera&quot;:&quot;&quot;,&quot;caption&quot;:&quot;&quot;,&quot;created_timestamp&quot;:&quot;0&quot;,&quot;copyright&quot;:&quot;&quot;,&quot;focal_length&quot;:&quot;0&quot;,&quot;iso&quot;:&quot;0&quot;,&quot;shutter_speed&quot;:&quot;0&quot;,&quot;title&quot;:&quot;&quot;,&quot;orientation&quot;:&quot;0&quot;}\" data-image-title=\"Laurent portail\" data-image-description=\"&lt;p&gt;Laurent portail&lt;\/p&gt;\n\" data-image-caption=\"&lt;p&gt;Laurent portail&lt;\/p&gt;\n\" data-large-file=\"https:\/\/vogesus.fr\/wp-content\/uploads\/2025\/12\/Laurent-portail.webp\" class=\" wp-image-3064\" title=\"Laurent portail\" src=\"https:\/\/vogesus.fr\/wp-content\/uploads\/2025\/12\/Laurent-portail-280x300.webp\" alt=\"Laurent portail\" width=\"410\" height=\"439\" srcset=\"https:\/\/vogesus.fr\/wp-content\/uploads\/2025\/12\/Laurent-portail-280x300.webp 280w, https:\/\/vogesus.fr\/wp-content\/uploads\/2025\/12\/Laurent-portail.webp 1155w\" sizes=\"auto, (max-width: 410px) 100vw, 410px\" \/><p id=\"caption-attachment-3064\" class=\"wp-caption-text\">Portail Saint Laurent<\/p><\/div>\n<h4><span style=\"color: #0000ff;\">D\u00e9cius fit alors rechercher le tr\u00e9sor de Philippe. On lui amena saint Sixte, dont on lui dit \u00e0 la fois qu\u2019il \u00e9tait chr\u00e9tien et qu\u2019il d\u00e9tenait le tr\u00e9sor cherch\u00e9. Et D\u00e9cius le fit jeter en prison, pour le forcer \u00e0 renier le Christ et \u00e0 livrer le tr\u00e9sor. Et Laurent, marchant derri\u00e8re son ma\u00eetre, lui criait\u00a0: \u00abP\u00e8re, on vas tu sans ton fils\u00a0? Pr\u00eatre, on vas tu sans ton diacre\u00a0?\u00bb<\/span><\/h4>\n<h4><span style=\"color: #0000ff;\">Et saint Sixte lui r\u00e9pondait\u00a0: \u00abne crois pas, mon fils, que je t\u2019abandonne\u00a0! Mais tu as encore \u00e0 soutenir de plus grand de luttes pour la foi du Christ. Dans trois jours, tu me rejoindras au ciel\u00a0! \u00bb et il lui remit tout le tr\u00e9sor de Philippe, en lui recommandant de le distribuer aux \u00e9glises et aux pauvres. <\/span><\/h4>\n<h4><span style=\"color: #0000ff;\">Aussi Laurent commen\u00e7a-t-il tout de suite \u00e0 rechercher les chr\u00e9tiens, pour secourir chacun d\u2019eux selon ses besoins. Dans cette m\u00eame nuit, il gu\u00e9rit une veuve que tourmentait de puis longtemps un terrible mal de t\u00eate, et, d\u2019un signe de croix, rendit la vue a un aveugle.<\/span><\/h4>\n<h4><span style=\"color: #0000ff;\">Cependant, saint Sixte, s\u2019\u00e9tant refuser \u00e0 adorer les idoles, fut condamn\u00e9 \u00e0 avoir la t\u00eate tranch\u00e9e. Et Laurent marchant derri\u00e8re lui, lui criait\u00a0: \u00ab Saint-P\u00e8re, ne m\u2019abandonne pas, car j\u2019ai d\u00e9pens\u00e9 d\u00e9j\u00e0 le tr\u00e9sor que tu m\u2019avais confi\u00e9\u00a0!\u00bb Ce qu\u2019entendant, les soldats s\u2019empar\u00e8rent de Laurent et le conduisirent devant le tribun. Et celui-ci le mena devant D\u00e9cius, qui lui dit\u00a0: \u00abo\u00f9 est le tr\u00e9sor qu\u2019on nous a dit que tu cachais\u00a0?\u00bb Et comme Laurent ne r\u00e9pondait pas, D\u00e9cius donna l\u2019ordre le supplicier de la fa\u00e7on la plus affreuse s\u2019il refusait de sacrifier aux idoles et le rendre le tr\u00e9sor.<\/span><\/h4>\n<h4><span style=\"color: #0000ff;\">Alors il y avait dans la prison, un pa\u00efen nommer Lucillus, qui, \u00e0 force de pleurer avait perdu la vue. Laurent lui promis de lui rendre la vue s\u2019il voulait croire au Christ et recevoir le bapt\u00eame. Lucillus se h\u00e2ta d\u2019y consentir, et demanda avec insistance \u00e0 \u00eatre baptis\u00e9. Laurent lui ordonna d\u2019abord de se confesser, puis, lui versant de l\u2019eau sur la t\u00eate, il le baptisa au nom du Christ. Et aussit\u00f4t Lucillus recouvra la vue\u00a0: de telle sorte que tous les aveugles vinrent trouver Laurent qui, par ses pri\u00e8res, obtint quel usage des yeux leur fut rendu.<\/span><\/h4>\n<h4><span style=\"color: #0000ff;\">\u2026.<\/span><\/h4>\n<h4><span style=\"color: #0000ff;\">Alors D\u00e9cius s\u2019\u00e9cria\u00a0: \u00abque l\u2019on apporte un lit de fer, pour que ce criminel y passe la nuit\u00a0!\u00bb On \u00e9tendit donc Laurent sur un gril sous lequel on mit des charbons enflamm\u00e9s, et o\u00f9 on le maintint avec des fourches de fer. Et Laurent dit\u00a0: \u00absache, malheureux, que ses charbons\u00a0\u00a0\u00a0\u00a0\u00a0\u00a0\u00a0\u00a0\u00a0\u00a0\u00a0 m\u2019apportent la fra\u00eecheur, et \u00e0 toi le feu \u00e9ternel\u00a0! \u00bb puis s\u2019adressant \u00e0 son bourreau d\u2019un visage joyeux il lui dit\u00a0: \u00abtu m\u2019as suffisamment r\u00f4ti d\u2019un c\u00f4t\u00e9, retourne moi de l\u2019autre c\u00f4t\u00e9, apr\u00e8s quoi je serai \u00e0 point\u00a0!\u00bb<\/span><\/h4>\n<h4><span style=\"color: #0000ff;\">\u2026<\/span><\/h4>\n<h4><span style=\"color: #0000ff;\">Nous devons noter que le martyre de Saint-Laurent est consid\u00e9r\u00e9 comme le plus excellent de tous les martyres des saints, tant pour le nombre et la cruaut\u00e9 des supplices endur\u00e9s que pour le courage montr\u00e9 par le saint, et aussi pour la bonne influence exerc\u00e9e par sa mort.<\/span><\/h4>\n<h4><span style=\"color: #0000ff;\">\u2026<\/span><\/h4>\n<h4><span style=\"color: #0000ff;\">Extrait de La l\u00e9gende Dor\u00e9e de Jacques de Voragine<\/span><\/h4>\n<h4><strong><span style=\"color: #0000ff;\">15 octobre 2016<\/span><\/strong><\/h4>\n\n\n<p class=\"has-medium-font-size\">\u00a9 Vogesus 2020<\/p>\n","protected":false},"excerpt":{"rendered":"<p>Saint Laurent Le martyre de Saint-Laurent est pr\u00e9sent tout au long de la d\u00e9couverte la statuaire de la cath\u00e9drale. Saint-Laurent est f\u00eat\u00e9 le 10 ao\u00fbt Laurent, l\u00e9vite et martyre, \u00e9tait d\u2019origine espagnole et fut amen\u00e9 \u00e0 Rome par Saint Sixte, qu\u2019il l\u2019ordonna son archidiacre. En ce temps-l\u00e0, l\u2019empereur Philippe et son fils, \u00e9galement nomm\u00e9 Philippe, [&hellip;]<\/p>\n","protected":false},"author":1,"featured_media":0,"parent":289,"menu_order":7,"comment_status":"closed","ping_status":"closed","template":"","meta":{"footnotes":""},"class_list":["post-704","page","type-page","status-publish","hentry"],"aioseo_notices":[],"jetpack_sharing_enabled":true,"jetpack_shortlink":"https:\/\/wp.me\/P7ThE8-bm","jetpack-related-posts":[],"_links":{"self":[{"href":"https:\/\/vogesus.fr\/index.php\/wp-json\/wp\/v2\/pages\/704","targetHints":{"allow":["GET"]}}],"collection":[{"href":"https:\/\/vogesus.fr\/index.php\/wp-json\/wp\/v2\/pages"}],"about":[{"href":"https:\/\/vogesus.fr\/index.php\/wp-json\/wp\/v2\/types\/page"}],"author":[{"embeddable":true,"href":"https:\/\/vogesus.fr\/index.php\/wp-json\/wp\/v2\/users\/1"}],"replies":[{"embeddable":true,"href":"https:\/\/vogesus.fr\/index.php\/wp-json\/wp\/v2\/comments?post=704"}],"version-history":[{"count":6,"href":"https:\/\/vogesus.fr\/index.php\/wp-json\/wp\/v2\/pages\/704\/revisions"}],"predecessor-version":[{"id":3068,"href":"https:\/\/vogesus.fr\/index.php\/wp-json\/wp\/v2\/pages\/704\/revisions\/3068"}],"up":[{"embeddable":true,"href":"https:\/\/vogesus.fr\/index.php\/wp-json\/wp\/v2\/pages\/289"}],"wp:attachment":[{"href":"https:\/\/vogesus.fr\/index.php\/wp-json\/wp\/v2\/media?parent=704"}],"curies":[{"name":"wp","href":"https:\/\/api.w.org\/{rel}","templated":true}]}}