{"id":681,"date":"2017-02-19T21:19:46","date_gmt":"2017-02-19T20:19:46","guid":{"rendered":"http:\/\/vogesus.fr\/?page_id=681"},"modified":"2025-12-25T19:08:00","modified_gmt":"2025-12-25T18:08:00","slug":"le-chien-a-litre","status":"publish","type":"page","link":"https:\/\/vogesus.fr\/index.php\/qui-est-andre\/reportages\/le-chien-a-litre\/","title":{"rendered":"Le chien gardien des secrets"},"content":{"rendered":"<h4><span style=\"color: #0000ff;\">Le chien, un messager &nbsp;de la Cath\u00e9drale insolite.<\/span><\/h4>\n<h4 style=\"text-align: justify;\"><span style=\"color: #0000ff;\"><img loading=\"lazy\" decoding=\"async\" data-attachment-id=\"693\" data-permalink=\"https:\/\/vogesus.fr\/index.php\/qui-est-andre\/reportages\/le-chien-a-litre\/chien-etoile\/#main\" data-orig-file=\"https:\/\/vogesus.fr\/wp-content\/uploads\/2017\/02\/Chien-\u00e9toil\u00e9.jpg\" data-orig-size=\"1185,1586\" data-comments-opened=\"1\" data-image-meta=\"{&quot;aperture&quot;:&quot;0&quot;,&quot;credit&quot;:&quot;&quot;,&quot;camera&quot;:&quot;&quot;,&quot;caption&quot;:&quot;&quot;,&quot;created_timestamp&quot;:&quot;0&quot;,&quot;copyright&quot;:&quot;&quot;,&quot;focal_length&quot;:&quot;0&quot;,&quot;iso&quot;:&quot;0&quot;,&quot;shutter_speed&quot;:&quot;0&quot;,&quot;title&quot;:&quot;&quot;,&quot;orientation&quot;:&quot;0&quot;}\" data-image-title=\"Chien \u00e9toil\u00e9\" data-image-description=\"&lt;p&gt;Chien \u00e9toil\u00e9&lt;\/p&gt;\n\" data-image-caption=\"&lt;p&gt;Chien \u00e9toil\u00e9&lt;\/p&gt;\n\" data-large-file=\"https:\/\/vogesus.fr\/wp-content\/uploads\/2017\/02\/Chien-\u00e9toil\u00e9-765x1024.jpg\" class=\"size-medium wp-image-693 alignleft\" src=\"http:\/\/vogesus.fr\/wp-content\/uploads\/2017\/02\/Chien-\u00e9toil\u00e9-224x300.jpg\" alt=\"Chien \u00e9toil\u00e9\" width=\"224\" height=\"300\" srcset=\"https:\/\/vogesus.fr\/wp-content\/uploads\/2017\/02\/Chien-\u00e9toil\u00e9-224x300.jpg 224w, https:\/\/vogesus.fr\/wp-content\/uploads\/2017\/02\/Chien-\u00e9toil\u00e9-768x1028.jpg 768w, https:\/\/vogesus.fr\/wp-content\/uploads\/2017\/02\/Chien-\u00e9toil\u00e9-765x1024.jpg 765w, https:\/\/vogesus.fr\/wp-content\/uploads\/2017\/02\/Chien-\u00e9toil\u00e9.jpg 1185w\" sizes=\"auto, (max-width: 224px) 100vw, 224px\" \/>Du bout du doigt je vous montrerai le chien qui pointe sa truffe vers l\u2019est, vous expliquant que seule la l\u00e9gende rapporte qu\u2019il indique l\u2019orientation vraie de la Cath\u00e9drale.<\/span><\/h4>\n<h4 style=\"text-align: justify;\"><span style=\"color: #0000ff;\">Les livres d\u2019histoire n\u2019en parlent pas, c\u2019est donc forc\u00e9ment une l\u00e9gende. D\u2019ailleurs savez-vous qui \u00e9crit les histoires des livres d\u2019histoire&nbsp;et pourquoi ? Jules C\u00e9sar avait bien compris l\u2019int\u00e9r\u00eat de publier ses chroniques tout en prenant soin de citer ou de ne pas citer telle information.<\/span><\/h4>\n<h4 style=\"text-align: justify;\"><span style=\"color: #0000ff;\">Al\u00e9sia dites-vous&nbsp;! Sous Napol\u00e9on III les livres affirmaient sous l\u2019impulsion de l\u2019Empereur que la bataille d\u2019Al\u00e9sia s\u2019est d\u00e9roul\u00e9e en Bourgogne. Aujourd\u2019hui la pol\u00e9mique sur la r\u00e9alit\u00e9 du site d\u2019Al\u00e9sia reste enti\u00e8re.<\/span><\/h4>\n<h4 style=\"text-align: justify;\"><span style=\"color: #0000ff;\">Fort de ce petit d\u00e9tour dans le temps avec ses enjeux politiques du moment, vous comprendrez que les quelques lignes qui suivront ne sont qu\u2019h\u00e9r\u00e9sies et ne r\u00e9v\u00e8leront aucun int\u00e9r\u00eat digne d\u2019un livre d\u2019histoire.<\/span><\/h4>\n<h4 style=\"text-align: justify;\"><span style=\"color: #0000ff;\">Seuls les initi\u00e9s vous inviterons \u00e0 la mod\u00e9ration en vous rappelant qu\u2019en nos jours les mondes sont parall\u00e8les, \u00e9sot\u00e9risme et exot\u00e9risme se c\u00f4toient et s\u2019ignorent. Pourtant il fut une \u00e9poque o\u00f9 le sacr\u00e9 traversait toutes les sciences de notre soci\u00e9t\u00e9 permettant aux meilleurs b\u00e2tisseurs de tracer des plans selon des indications divines.<\/span><\/h4>\n<h4 style=\"text-align: justify;\"><span style=\"color: #0000ff;\">Si Dieu, du bout de son doigt indique le d\u00e9but du trac\u00e9 sur le sol alors nous sommes dans le sacr\u00e9, dans l\u2019orientation vraie. Tout ce qui en d\u00e9coulera s\u2019impr\u00e9gnera de la m\u00eame intention.<\/span><\/h4>\n<h4 style=\"text-align: justify;\"><span style=\"color: #0000ff;\">Oui, aujourd\u2019hui cette r\u00e9v\u00e9lation rend la Cath\u00e9drale insolite car nous avons perdu la connaissance de ce qu\u2019elle exprime.<\/span><\/h4>\n<h4 style=\"text-align: justify;\"><span style=\"color: #0000ff;\">Revenons \u00e0 ce chien dont la truffe indique l\u2019est. Pourquoi le tailleur de pierres s\u2019est il investi dans cette \u0153uvre avec un chien qui indique l\u2019est&nbsp;! Si vous deviez prendre du temps \u00e0 y r\u00e9fl\u00e9chir vous auriez besoin de temps sans \u00eatre certain d\u2019en avoir assez car les questions sont nombreuses,&nbsp;parmi celles-ci pourquoi un chien, pourquoi indiquer l\u2019est et puis cela ne serait-il pas l\u2019\u0153uvre du hasard&nbsp;? Vous conviendrez que m\u00eame notre relation au temps \u00e0 changer.<\/span><\/h4>\n<h4 style=\"text-align: justify;\"><span style=\"color: #0000ff;\">D\u2019autres chiens \u00e0 la Cath\u00e9drale vous donneront d\u2019autres indications, l\u2019\u00e9nigme ne fait que de commencer.<\/span><\/h4>\n<h4 style=\"text-align: justify;\"><a href=\"http:\/\/vogesus.fr\/index.php\/reportages\/le-bichon-a-lire\/\">&nbsp;lire la suite..<\/a>.<\/h4>\n<h4><span style=\"color: #0000ff;\">Andr\u00e9<\/span><\/h4>\n<p><a href=\"http:\/\/www.vogesus.fr\">www.vogesus.fr<\/a><\/p>\n<p><\/p>\n\n\n<p class=\"has-medium-font-size\">\u00a9 Vogesus 2020<\/p>\n","protected":false},"excerpt":{"rendered":"<p>Le chien, un messager &nbsp;de la Cath\u00e9drale insolite. Du bout du doigt je vous montrerai le chien qui pointe sa truffe vers l\u2019est, vous expliquant que seule la l\u00e9gende rapporte qu\u2019il indique l\u2019orientation vraie de la Cath\u00e9drale. Les livres d\u2019histoire n\u2019en parlent pas, c\u2019est donc forc\u00e9ment une l\u00e9gende. D\u2019ailleurs savez-vous qui \u00e9crit les histoires des [&hellip;]<\/p>\n","protected":false},"author":1,"featured_media":0,"parent":289,"menu_order":6,"comment_status":"closed","ping_status":"closed","template":"","meta":{"jetpack_post_was_ever_published":false,"footnotes":""},"class_list":["post-681","page","type-page","status-publish","hentry"],"aioseo_notices":[],"jetpack_sharing_enabled":true,"jetpack_shortlink":"https:\/\/wp.me\/P7ThE8-aZ","jetpack-related-posts":[],"_links":{"self":[{"href":"https:\/\/vogesus.fr\/index.php\/wp-json\/wp\/v2\/pages\/681","targetHints":{"allow":["GET"]}}],"collection":[{"href":"https:\/\/vogesus.fr\/index.php\/wp-json\/wp\/v2\/pages"}],"about":[{"href":"https:\/\/vogesus.fr\/index.php\/wp-json\/wp\/v2\/types\/page"}],"author":[{"embeddable":true,"href":"https:\/\/vogesus.fr\/index.php\/wp-json\/wp\/v2\/users\/1"}],"replies":[{"embeddable":true,"href":"https:\/\/vogesus.fr\/index.php\/wp-json\/wp\/v2\/comments?post=681"}],"version-history":[{"count":11,"href":"https:\/\/vogesus.fr\/index.php\/wp-json\/wp\/v2\/pages\/681\/revisions"}],"predecessor-version":[{"id":3057,"href":"https:\/\/vogesus.fr\/index.php\/wp-json\/wp\/v2\/pages\/681\/revisions\/3057"}],"up":[{"embeddable":true,"href":"https:\/\/vogesus.fr\/index.php\/wp-json\/wp\/v2\/pages\/289"}],"wp:attachment":[{"href":"https:\/\/vogesus.fr\/index.php\/wp-json\/wp\/v2\/media?parent=681"}],"curies":[{"name":"wp","href":"https:\/\/api.w.org\/{rel}","templated":true}]}}