{"id":2572,"date":"2024-10-09T00:19:48","date_gmt":"2024-10-08T23:19:48","guid":{"rendered":"http:\/\/vogesus.fr\/?page_id=2572"},"modified":"2025-12-25T20:46:41","modified_gmt":"2025-12-25T19:46:41","slug":"lest-des-eglises","status":"publish","type":"page","link":"https:\/\/vogesus.fr\/index.php\/le-secret-des-batisseurs\/lest-des-eglises\/","title":{"rendered":"L&rsquo;Est des \u00e9glises"},"content":{"rendered":"\n<p class=\"has-vivid-cyan-blue-color has-text-color has-link-color wp-elements-7e65ff18415b0d0ffc6e99ac407f6c0c\">T<strong>outes les \u00e9glises ne sont pas exactement orient\u00e9es vers l\u2019Est. <\/strong><\/p>\n\n\n<div class=\"wp-block-image\">\n<figure class=\"alignleft size-full is-resized\"><img loading=\"lazy\" decoding=\"async\" width=\"1024\" height=\"768\" data-attachment-id=\"2555\" data-permalink=\"https:\/\/vogesus.fr\/?attachment_id=2555#main\" data-orig-file=\"https:\/\/vogesus.fr\/wp-content\/uploads\/2024\/09\/la-course-ecliptique-de-la-terre-autour-du-soleil.png\" data-orig-size=\"1024,768\" data-comments-opened=\"1\" data-image-meta=\"{&quot;aperture&quot;:&quot;0&quot;,&quot;credit&quot;:&quot;&quot;,&quot;camera&quot;:&quot;&quot;,&quot;caption&quot;:&quot;&quot;,&quot;created_timestamp&quot;:&quot;0&quot;,&quot;copyright&quot;:&quot;&quot;,&quot;focal_length&quot;:&quot;0&quot;,&quot;iso&quot;:&quot;0&quot;,&quot;shutter_speed&quot;:&quot;0&quot;,&quot;title&quot;:&quot;&quot;,&quot;orientation&quot;:&quot;0&quot;}\" data-image-title=\"la course ecliptique de la terre autour du soleil\" data-image-description=\"&lt;p&gt;la course ecliptique de la terre autour du soleil&lt;\/p&gt;\n\" data-image-caption=\"&lt;p&gt;la course ecliptique de la terre autour du soleil&lt;\/p&gt;\n\" data-large-file=\"https:\/\/vogesus.fr\/wp-content\/uploads\/2024\/09\/la-course-ecliptique-de-la-terre-autour-du-soleil.png\" src=\"http:\/\/vogesus.fr\/wp-content\/uploads\/2024\/09\/la-course-ecliptique-de-la-terre-autour-du-soleil.png\" alt=\"\" class=\"wp-image-2555\" style=\"width:303px;height:auto\" srcset=\"https:\/\/vogesus.fr\/wp-content\/uploads\/2024\/09\/la-course-ecliptique-de-la-terre-autour-du-soleil.png 1024w, https:\/\/vogesus.fr\/wp-content\/uploads\/2024\/09\/la-course-ecliptique-de-la-terre-autour-du-soleil-300x225.png 300w, https:\/\/vogesus.fr\/wp-content\/uploads\/2024\/09\/la-course-ecliptique-de-la-terre-autour-du-soleil-768x576.png 768w\" sizes=\"auto, (max-width: 1024px) 100vw, 1024px\" \/><figcaption class=\"wp-element-caption\">                         Invictus<br><\/figcaption><\/figure>\n<\/div>\n\n\n<p class=\"has-vivid-cyan-blue-color has-text-color has-link-color wp-elements-ae63ff47513e8396a400f754eb5fc92f\"><strong>Je vous invite \u00e0 prendre une boussole puis de vous rendre dans une \u00e9glise datant d\u2019une p\u00e9riode comprise entre le 9<sup>\u00e8me<\/sup>&nbsp;et le 11<sup>\u00e8me<\/sup>&nbsp;si\u00e8cle et placez-vous \u00e0 l\u2019entr\u00e9e face \u00e0 l\u2019autel. Observez votre boussole et constatez\u2026<\/strong><\/p>\n\n\n\n<p class=\"has-vivid-cyan-blue-color has-text-color has-link-color wp-elements-fe1b84dc3774441f5ed05fef7d89a92e\"><strong>Dans la tradition chr\u00e9tienne, de nombreuses \u00e9glises sont orient\u00e9es vers l\u2019Est, contrairement au Temple de Salomon qui, dans la tradition juive, \u00e9tait orient\u00e9 vers l\u2019ouest. Cette diff\u00e9rence, bien que marquant une certaine continuit\u00e9 spirituelle entre les deux traditions, s\u2019explique par des raisons symboliques et th\u00e9ologiques propres au christianisme.<\/strong><\/p>\n\n\n<div class=\"wp-block-image\">\n<figure class=\"alignright size-full is-resized\"><img decoding=\"async\" src=\"http:\/\/vogesus.fr\/wp-content\/uploads\/2024\/10\/Lever-de-soleil.png\" alt=\"\" class=\"wp-image-2574\" style=\"width:390px;height:auto\"\/><figcaption class=\"wp-element-caption\">                  Lever de soleil paradisiaque<\/figcaption><\/figure>\n<\/div>\n\n\n<p class=\"has-vivid-cyan-blue-color has-text-color has-link-color wp-elements-88703bd45fbf84fca5bbd2746b76de46\"><strong>Tout d\u2019abord, l\u2019Est occupe une place particuli\u00e8re dans la symbolique chr\u00e9tienne. C\u2019est la direction du lever du soleil, image de la lumi\u00e8re et de la r\u00e9surrection. Le Christ est souvent appel\u00e9 le \u00ab Soleil de Justice \u00bb (Malachie 4:2) et son retour est anticip\u00e9 comme venant de l\u2019Est. Par cons\u00e9quent, en priant dans des \u00e9glises orient\u00e9es vers l\u2019Est, les chr\u00e9tiens se tournent non seulement vers la lumi\u00e8re physique, mais aussi vers la lumi\u00e8re spirituelle que repr\u00e9sente le Christ, esp\u00e9rant et attendant son retour glorieux.<\/strong><\/p>\n\n\n\n<p class=\"has-vivid-cyan-blue-color has-text-color has-link-color wp-elements-35f2ec2601e4e51cd551bf6db4d15324\"><strong>Cette orientation vers l\u2019Est n\u2019est pas anodine, car elle \u00e9voque aussi le paradis terrestre, que la Bible situe \u00ab \u00e0 l\u2019Est \u00bb dans le livre de la Gen\u00e8se (2:8). Elle rappelle aux fid\u00e8les les origines du monde et la perfection divine d\u2019avant la chute de l\u2019humanit\u00e9. <\/strong><\/p>\n\n\n\n<p class=\"has-vivid-cyan-blue-color has-text-color has-link-color wp-elements-24a3d09699e627d34e32abb9e2e91858\"><strong>Ainsi, l\u2019Est symbolise \u00e0 la fois le commencement (la Cr\u00e9ation) et la fin des temps (la Parousie), deux moments cl\u00e9s dans la foi chr\u00e9tienne.Par ailleurs, l\u2019orientation des \u00e9glises vers l\u2019Est s\u2019explique \u00e9galement par un d\u00e9sir de diff\u00e9renciation par rapport aux pratiques juives. <\/strong><\/p>\n\n\n<div class=\"wp-block-image\">\n<figure class=\"alignleft size-full is-resized\"><img loading=\"lazy\" decoding=\"async\" width=\"1024\" height=\"1024\" data-attachment-id=\"2576\" data-permalink=\"https:\/\/vogesus.fr\/temple-de-salomon\/\" data-orig-file=\"https:\/\/vogesus.fr\/wp-content\/uploads\/2024\/10\/Temple-de-salomon.png\" data-orig-size=\"1024,1024\" data-comments-opened=\"1\" data-image-meta=\"{&quot;aperture&quot;:&quot;0&quot;,&quot;credit&quot;:&quot;&quot;,&quot;camera&quot;:&quot;&quot;,&quot;caption&quot;:&quot;&quot;,&quot;created_timestamp&quot;:&quot;0&quot;,&quot;copyright&quot;:&quot;&quot;,&quot;focal_length&quot;:&quot;0&quot;,&quot;iso&quot;:&quot;0&quot;,&quot;shutter_speed&quot;:&quot;0&quot;,&quot;title&quot;:&quot;&quot;,&quot;orientation&quot;:&quot;0&quot;}\" data-image-title=\"Temple de salomon\" data-image-description=\"&lt;p&gt;Temple de salomon&lt;\/p&gt;\n\" data-image-caption=\"&lt;p&gt;Temple de salomon&lt;\/p&gt;\n\" data-large-file=\"https:\/\/vogesus.fr\/wp-content\/uploads\/2024\/10\/Temple-de-salomon.png\" src=\"http:\/\/vogesus.fr\/wp-content\/uploads\/2024\/10\/Temple-de-salomon.png\" alt=\"\" class=\"wp-image-2576\" style=\"width:326px;height:auto\" srcset=\"https:\/\/vogesus.fr\/wp-content\/uploads\/2024\/10\/Temple-de-salomon.png 1024w, https:\/\/vogesus.fr\/wp-content\/uploads\/2024\/10\/Temple-de-salomon-300x300.png 300w, https:\/\/vogesus.fr\/wp-content\/uploads\/2024\/10\/Temple-de-salomon-150x150.png 150w, https:\/\/vogesus.fr\/wp-content\/uploads\/2024\/10\/Temple-de-salomon-768x768.png 768w\" sizes=\"auto, (max-width: 1024px) 100vw, 1024px\" \/><figcaption class=\"wp-element-caption\">             Temple de Salomon<\/figcaption><\/figure>\n<\/div>\n\n\n<p class=\"has-vivid-cyan-blue-color has-text-color has-link-color wp-elements-4ad870705dce88606de1403a783df3ae\"><strong>Le Temple de Salomon \u00e9tait orient\u00e9 vers l\u2019ouest, symbolisant le lien avec l\u2019Arche de l\u2019Alliance et le Saint des Saints, le lieu de la pr\u00e9sence divine pour les Juifs. Mais pour les chr\u00e9tiens, la r\u00e9surrection du Christ et l\u2019attente de son retour deviennent les \u00e9l\u00e9ments centraux de la foi. Cette distinction progressive entre les traditions jud\u00e9o-chr\u00e9tiennes a conduit \u00e0 cette diff\u00e9rence d\u2019orientation.<\/strong><\/p>\n\n\n\n<p class=\"has-vivid-cyan-blue-color has-text-color has-link-color wp-elements-910f1d72ab03af6dc4e00048b8ba7527\"><strong>Enfin, l\u2019eschatologie chr\u00e9tienne, c\u2019est-\u00e0-dire la doctrine concernant les \u00e9v\u00e9nements de la fin des temps, renforce cette symbolique de l\u2019Est. Dans l\u2019\u00c9vangile de Matthieu, J\u00e9sus d\u00e9clare : \u00ab Comme l\u2019\u00e9clair part de l\u2019Orient et se montre jusqu\u2019en Occident, ainsi sera l\u2019av\u00e8nement du Fils de l\u2019homme \u00bb (Matthieu 24:27). Cette citation ancre encore plus l\u2019id\u00e9e que l\u2019orientation vers l\u2019Est est une attente de l\u2019accomplissement final de la promesse chr\u00e9tienne.En somme, si les \u00e9glises chr\u00e9tiennes sont orient\u00e9es vers l\u2019Est, c\u2019est pour des raisons symboliques profondes. <\/strong><\/p>\n\n\n\n<p class=\"has-vivid-cyan-blue-color has-text-color has-link-color wp-elements-163b839b137a6f810ab3d60bdea1dcb5\"><strong>Cette tradition exprime l\u2019esp\u00e9rance de la r\u00e9surrection, le lien avec la lumi\u00e8re divine, et l\u2019attente du retour du Christ, tout en marquant une diff\u00e9rence avec les pratiques liturgiques juives. Elle repr\u00e9sente ainsi une dimension th\u00e9ologique essentielle de la foi chr\u00e9tienne, ancr\u00e9e dans l\u2019histoire et tourn\u00e9e vers l\u2019avenir.Ce texte explore les raisons historiques et th\u00e9ologiques expliquant l\u2019orientation vers l\u2019Est dans la construction des \u00e9glises chr\u00e9tiennes.<\/strong><\/p>\n\n\n\n<p class=\"has-vivid-cyan-blue-color has-text-color has-link-color has-medium-font-size wp-elements-16da7c08bd31dd3e6fabe9604060be7d\"><strong>Pourtant toutes les \u00e9glises ne sont pas orient\u00e9es vers l\u2019Est<\/strong><\/p>\n\n\n<div class=\"wp-block-image\">\n<figure class=\"alignleft size-full is-resized\"><img loading=\"lazy\" decoding=\"async\" width=\"1024\" height=\"1024\" data-attachment-id=\"2578\" data-permalink=\"https:\/\/vogesus.fr\/index.php\/le-secret-des-batisseurs\/lest-des-eglises\/poteau\/#main\" data-orig-file=\"https:\/\/vogesus.fr\/wp-content\/uploads\/2024\/10\/poteau.png\" data-orig-size=\"1024,1024\" data-comments-opened=\"1\" data-image-meta=\"{&quot;aperture&quot;:&quot;0&quot;,&quot;credit&quot;:&quot;&quot;,&quot;camera&quot;:&quot;&quot;,&quot;caption&quot;:&quot;&quot;,&quot;created_timestamp&quot;:&quot;0&quot;,&quot;copyright&quot;:&quot;&quot;,&quot;focal_length&quot;:&quot;0&quot;,&quot;iso&quot;:&quot;0&quot;,&quot;shutter_speed&quot;:&quot;0&quot;,&quot;title&quot;:&quot;&quot;,&quot;orientation&quot;:&quot;0&quot;}\" data-image-title=\"poteau\" data-image-description=\"&lt;p&gt;poteau&lt;\/p&gt;\n\" data-image-caption=\"&lt;p&gt;poteau&lt;\/p&gt;\n\" data-large-file=\"https:\/\/vogesus.fr\/wp-content\/uploads\/2024\/10\/poteau.png\" src=\"http:\/\/vogesus.fr\/wp-content\/uploads\/2024\/10\/poteau.png\" alt=\"\" class=\"wp-image-2578\" style=\"width:326px;height:auto\" srcset=\"https:\/\/vogesus.fr\/wp-content\/uploads\/2024\/10\/poteau.png 1024w, https:\/\/vogesus.fr\/wp-content\/uploads\/2024\/10\/poteau-300x300.png 300w, https:\/\/vogesus.fr\/wp-content\/uploads\/2024\/10\/poteau-150x150.png 150w, https:\/\/vogesus.fr\/wp-content\/uploads\/2024\/10\/poteau-768x768.png 768w\" sizes=\"auto, (max-width: 1024px) 100vw, 1024px\" \/><\/figure>\n<\/div>\n\n\n<p class=\"has-vivid-cyan-blue-color has-text-color has-link-color wp-elements-80bb3b2ccb2e67f1e0f6a935be6dfd74\"><strong>Au Xe si\u00e8cle, de nombreuses \u00e9glises \u00e9taient orient\u00e9es en fonction du lever du soleil le jour de leur cons\u00e9cration. Cette pratique, profond\u00e9ment symbolique, permettait de lier la lumi\u00e8re du soleil \u00e0 la lumi\u00e8re divine, symbolis\u00e9e par le Christ, le \u00ab Soleil de Justice \u00bb. Le moment pr\u00e9cis du lever du soleil le jour de la cons\u00e9cration repr\u00e9sentait ainsi un \u00e9v\u00e9nement spirituel marquant, ancrant l\u2019\u00e9difice dans une relation intime avec la lumi\u00e8re divine. <\/strong><\/p>\n\n\n\n<p class=\"has-vivid-cyan-blue-color has-text-color has-link-color wp-elements-bb99276c98593f4f7197c3418ed49651\"><strong>Toutefois, cette m\u00e9thode entra\u00eenait une variabilit\u00e9 importante dans l\u2019orientation des \u00e9glises : selon les saisons, le lever du soleil change de position \u00e0 l\u2019horizon, rendant chaque \u00e9glise unique dans son alignement.Avec le temps, cette diversit\u00e9 d\u2019orientations a \u00e9t\u00e9 per\u00e7ue comme probl\u00e9matique. Les \u00e9glises, bien que consacr\u00e9es selon des principes spirituels profonds, se retrouvaient orient\u00e9es diff\u00e9remment, m\u00eame dans des r\u00e9gions voisines, ce qui pouvait donner une impression d\u2019incoh\u00e9rence. <\/strong><\/p>\n\n\n\n<p class=\"has-vivid-cyan-blue-color has-text-color has-link-color wp-elements-297ad20947598b2068150dda98cec6b3\"><strong>L\u2019\u00c9glise a donc cherch\u00e9 \u00e0 \u00e9tablir une uniformit\u00e9 plus claire dans l\u2019orientation de ses lieux de culte. Cette volont\u00e9 d\u2019harmonisation a conduit \u00e0 un changement progressif : les \u00e9glises ont commenc\u00e9 \u00e0 \u00eatre orient\u00e9es non plus vers le lever du soleil \u00e0 la date de leur cons\u00e9cration, mais vers le vrai Est, c\u2019est-\u00e0-dire un point cardinal pr\u00e9cis.<\/strong><\/p>\n\n\n\n<p class=\"has-vivid-cyan-blue-color has-text-color has-link-color wp-elements-8bf41566ad038f01f402b49b2a3d3e80\"><strong>Cette \u00e9volution r\u00e9pondait \u00e0 plusieurs objectifs. D\u2019une part, elle permettait de garantir une orientation commune dans toute la chr\u00e9tient\u00e9, symbolisant l\u2019unit\u00e9 de la foi. En choisissant le vrai Est comme r\u00e9f\u00e9rence, on maintenait l\u2019id\u00e9e d\u2019une direction constante et invariable vers laquelle tous les chr\u00e9tiens se tournaient pour prier, quelles que soient les variations saisonni\u00e8res. <\/strong><\/p>\n\n\n\n<p class=\"has-vivid-cyan-blue-color has-text-color has-link-color wp-elements-7d7dd2894246c5de5596d0cc2c29cfcb\"><strong>Cette orientation vers l\u2019Est avait \u00e9galement une forte signification th\u00e9ologique. L\u2019Est est en effet associ\u00e9 \u00e0 la r\u00e9surrection du Christ, ainsi qu\u2019\u00e0 son retour annonc\u00e9 lors de la fin des temps. En se tournant vers le vrai Est, les fid\u00e8les exprimaient donc symboliquement leur attente du retour du Christ, renfor\u00e7ant l\u2019eschatologie chr\u00e9tienne.<\/strong><\/p>\n\n\n<div class=\"wp-block-image\">\n<figure class=\"alignright size-full is-resized\"><img decoding=\"async\" src=\"http:\/\/vogesus.fr\/wp-content\/uploads\/2024\/10\/rose-des-vents.png\" alt=\"\" class=\"wp-image-2575\" style=\"width:344px;height:auto\"\/><figcaption class=\"wp-element-caption\">                              Boussole<\/figcaption><\/figure>\n<\/div>\n\n\n<p class=\"has-vivid-cyan-blue-color has-text-color has-link-color wp-elements-e77309fc6671343f3f9b29fc30348a60\"><strong>Enfin, l\u2019am\u00e9lioration des connaissances g\u00e9ographiques et scientifiques au Moyen \u00c2ge et \u00e0 la Renaissance a permis de d\u00e9terminer avec plus de pr\u00e9cision la direction exacte de l\u2019Est. Gr\u00e2ce aux avanc\u00e9es en astronomie et en cartographie, les b\u00e2tisseurs d\u2019\u00e9glises pouvaient d\u00e9sormais utiliser des instruments pour aligner les \u00e9difices avec une plus grande rigueur, garantissant une orientation stable et coh\u00e9rente pour tous les nouveaux lieux de culte.<\/strong><\/p>\n\n\n\n<p class=\"has-vivid-cyan-blue-color has-text-color has-link-color wp-elements-ebc8c69597ac8de7d4eca9fe892d5545\"><strong>Ainsi, ce passage d\u2019une orientation au lever du soleil \u00e0 une orientation vers le vrai Est r\u00e9pond \u00e0 une volont\u00e9 d\u2019uniformit\u00e9, de coh\u00e9rence symbolique, et d\u2019attachement \u00e0 des principes th\u00e9ologiques clairs. Il permettait de renforcer l\u2019unit\u00e9 des croyants et d\u2019inscrire chaque \u00e9difice dans une attente commune du retour du Christ, tout en marquant une profonde connexion avec la lumi\u00e8re divine.<\/strong><\/p>\n\n\n\n<p><strong>Vogesus le 08\/10\/2024<\/strong><\/p>\n\n\n\n<p>La Cath\u00e9drale Notre Dame \u00e0 Strasbourg est orient\u00e9e vers le nord-est azimut 32\u00b0<\/p>\n\n\n\n<p>La Cath\u00e9drale Saint Etienne \u00e0 Metz vers le nord-est azimut 45\u00b0<\/p>\n\n\n\n<p>La Basilique Saint Sernin \u00e0 Toulouse vers le nord-est<\/p>\n","protected":false},"excerpt":{"rendered":"<p>Toutes les \u00e9glises ne sont pas exactement orient\u00e9es vers l\u2019Est. Je vous invite \u00e0 prendre une boussole puis de vous rendre dans une \u00e9glise datant d\u2019une p\u00e9riode comprise entre le 9\u00e8me&nbsp;et le 11\u00e8me&nbsp;si\u00e8cle et placez-vous \u00e0 l\u2019entr\u00e9e face \u00e0 l\u2019autel. Observez votre boussole et constatez\u2026 Dans la tradition chr\u00e9tienne, de nombreuses \u00e9glises sont orient\u00e9es vers [&hellip;]<\/p>\n","protected":false},"author":1,"featured_media":0,"parent":473,"menu_order":1,"comment_status":"closed","ping_status":"closed","template":"","meta":{"jetpack_post_was_ever_published":false,"footnotes":""},"class_list":["post-2572","page","type-page","status-publish","hentry"],"aioseo_notices":[],"jetpack_sharing_enabled":true,"jetpack_shortlink":"https:\/\/wp.me\/P7ThE8-Fu","jetpack-related-posts":[],"_links":{"self":[{"href":"https:\/\/vogesus.fr\/index.php\/wp-json\/wp\/v2\/pages\/2572","targetHints":{"allow":["GET"]}}],"collection":[{"href":"https:\/\/vogesus.fr\/index.php\/wp-json\/wp\/v2\/pages"}],"about":[{"href":"https:\/\/vogesus.fr\/index.php\/wp-json\/wp\/v2\/types\/page"}],"author":[{"embeddable":true,"href":"https:\/\/vogesus.fr\/index.php\/wp-json\/wp\/v2\/users\/1"}],"replies":[{"embeddable":true,"href":"https:\/\/vogesus.fr\/index.php\/wp-json\/wp\/v2\/comments?post=2572"}],"version-history":[{"count":3,"href":"https:\/\/vogesus.fr\/index.php\/wp-json\/wp\/v2\/pages\/2572\/revisions"}],"predecessor-version":[{"id":2579,"href":"https:\/\/vogesus.fr\/index.php\/wp-json\/wp\/v2\/pages\/2572\/revisions\/2579"}],"up":[{"embeddable":true,"href":"https:\/\/vogesus.fr\/index.php\/wp-json\/wp\/v2\/pages\/473"}],"wp:attachment":[{"href":"https:\/\/vogesus.fr\/index.php\/wp-json\/wp\/v2\/media?parent=2572"}],"curies":[{"name":"wp","href":"https:\/\/api.w.org\/{rel}","templated":true}]}}