{"id":1638,"date":"2020-02-04T20:23:05","date_gmt":"2020-02-04T19:23:05","guid":{"rendered":"http:\/\/vogesus.fr\/?page_id=1638"},"modified":"2023-04-29T22:03:22","modified_gmt":"2023-04-29T21:03:22","slug":"le-calendrier-gregorien","status":"publish","type":"page","link":"https:\/\/vogesus.fr\/index.php\/le-moyen-age-autrement\/le-calendrier-gregorien\/","title":{"rendered":"Le calendrier Gr\u00e9gorien"},"content":{"rendered":"\n<p class=\"has-vivid-cyan-blue-color has-text-color has-medium-font-size\">Le calendrier Julien qui date de 45 avant JC a \u00e9t\u00e9 abandonn\u00e9 en 1582 en raison d\u2019un trop grand d\u00e9calage entre la position du soleil aux moments des \u00e9quinoxes et des solstices et les dates du calendrier.<\/p>\n\n\n\n<p class=\"has-vivid-cyan-blue-color has-text-color has-medium-font-size\">En 1582 l\u2019\u00e9cart \u00e9tait de 10 jours, l\u2019\u00e9quinoxe du printemps tombait le 11 mars au lieu du 21 mars.&nbsp;<\/p>\n\n\n\n<p class=\"has-vivid-cyan-blue-color has-text-color has-medium-font-size\">Les p\u00e8res de l\u2019Eglise s\u2019en \u00e9murent et se r\u00e9unirent sous le Pontificat de Gr\u00e9goire XIII pour corriger ce d\u00e9calage en supprimant 10 jours. Ainsi le 15 octobre fut suivi du 4 octobre.<\/p>\n\n\n\n<p class=\"has-vivid-cyan-blue-color has-text-color has-medium-font-size\">Cet ajustement somme toute assez radical, comme si vous mettiez une pendule \u00e0 l\u2019heure, fut suivi d\u2019une prescription \u00e0 respecter dans les temps.<\/p>\n\n\n\n<p class=\"has-vivid-cyan-blue-color has-text-color has-medium-font-size\">Ne pas mettre au calendrier le 29 f\u00e9vrier d\u2019une s\u00e9culaire sauf les ann\u00e9es s\u00e9culaires multiples de 400<\/p>\n\n\n\n<p class=\"has-vivid-cyan-blue-color has-text-color has-medium-font-size\">C\u2019est ainsi que&nbsp;:<\/p>\n\n\n\n<p class=\"has-vivid-red-color has-text-color has-medium-font-size\">1500 ann\u00e9e s\u00e9culaire non divisible par 400, il n\u2019y aura pas de 29 f\u00e9vrier<\/p>\n\n\n\n<p class=\"has-very-dark-gray-color has-text-color has-medium-font-size\">1600 ann\u00e9e s\u00e9culaire divisible par 400, il y aura un 29 f\u00e9vrier&nbsp;<\/p>\n\n\n\n<p class=\"has-very-dark-gray-color has-text-color has-medium-font-size\">2000 ann\u00e9e s\u00e9culaire divisible par 400, il y a eu un 29 f\u00e9vrier&nbsp;<\/p>\n\n\n\n<p class=\"has-vivid-cyan-blue-color has-text-color has-medium-font-size\">La principale motivation de l\u2019Eglise pour ajuster le calendrier tient \u00e0 annoncer la date de P\u00e2ques qui est fix\u00e9e le premier dimanche de la semaine de pleine lune qui suit l\u2019\u00e9quinoxe de printemps.<\/p>\n\n\n\n<p class=\"has-vivid-cyan-blue-color has-text-color has-medium-font-size\">En 2020, P\u00e2ques tombe le 12 avril c\u2019est-\u00e0-dire le dimanche de pleine lune qui suit l\u2019\u00e9quinoxe de printemps.<\/p>\n\n\n\n<p class=\"has-vivid-cyan-blue-color has-text-color has-medium-font-size\">Si nous avions poursuivi le d\u00e9calage du calendrier Julien P\u00e2ques 2020 aurait \u00e9t\u00e9 f\u00eat\u00e9 le 25 avril et dans quelques centaines d\u2019ann\u00e9es au mois de mai.<\/p>\n\n\n\n<p class=\"has-vivid-cyan-blue-color has-text-color has-medium-font-size\">Cette observation est \u00e0 double sens.<\/p>\n\n\n\n<p class=\"has-vivid-cyan-blue-color has-text-color has-medium-font-size\">L\u2019orientation des \u00e9difices religieux tient compte pour partie du lev\u00e9 et du couch\u00e9 du soleil. Ainsi le 15 ao\u00fbt 2020 d\u00e9di\u00e9 \u00e0 la Vierge correspond \u00e0 un 4 ao\u00fbt en 1582 et \u00e0 un 1<sup>er<\/sup>&nbsp;ao\u00fbt en l\u2019an 1000<\/p>\n\n\n\n<p class=\"has-medium-font-size\">\u00a9 Vogesus 2020<\/p>\n","protected":false},"excerpt":{"rendered":"<p>Le calendrier Julien qui date de 45 avant JC a \u00e9t\u00e9 abandonn\u00e9 en 1582 en raison d\u2019un trop grand d\u00e9calage entre la position du soleil aux moments des \u00e9quinoxes et des solstices et les dates du calendrier. En 1582 l\u2019\u00e9cart \u00e9tait de 10 jours, l\u2019\u00e9quinoxe du printemps tombait le 11 mars au lieu du 21 [&hellip;]<\/p>\n","protected":false},"author":1,"featured_media":0,"parent":2283,"menu_order":2,"comment_status":"closed","ping_status":"closed","template":"","meta":{"jetpack_post_was_ever_published":false,"footnotes":""},"class_list":["post-1638","page","type-page","status-publish","hentry"],"aioseo_notices":[],"jetpack_sharing_enabled":true,"jetpack_shortlink":"https:\/\/wp.me\/P7ThE8-qq","jetpack-related-posts":[],"_links":{"self":[{"href":"https:\/\/vogesus.fr\/index.php\/wp-json\/wp\/v2\/pages\/1638","targetHints":{"allow":["GET"]}}],"collection":[{"href":"https:\/\/vogesus.fr\/index.php\/wp-json\/wp\/v2\/pages"}],"about":[{"href":"https:\/\/vogesus.fr\/index.php\/wp-json\/wp\/v2\/types\/page"}],"author":[{"embeddable":true,"href":"https:\/\/vogesus.fr\/index.php\/wp-json\/wp\/v2\/users\/1"}],"replies":[{"embeddable":true,"href":"https:\/\/vogesus.fr\/index.php\/wp-json\/wp\/v2\/comments?post=1638"}],"version-history":[{"count":4,"href":"https:\/\/vogesus.fr\/index.php\/wp-json\/wp\/v2\/pages\/1638\/revisions"}],"predecessor-version":[{"id":2287,"href":"https:\/\/vogesus.fr\/index.php\/wp-json\/wp\/v2\/pages\/1638\/revisions\/2287"}],"up":[{"embeddable":true,"href":"https:\/\/vogesus.fr\/index.php\/wp-json\/wp\/v2\/pages\/2283"}],"wp:attachment":[{"href":"https:\/\/vogesus.fr\/index.php\/wp-json\/wp\/v2\/media?parent=1638"}],"curies":[{"name":"wp","href":"https:\/\/api.w.org\/{rel}","templated":true}]}}