{"id":1075,"date":"2017-09-10T23:23:38","date_gmt":"2017-09-10T22:23:38","guid":{"rendered":"http:\/\/vogesus.fr\/?page_id=1075"},"modified":"2025-12-25T20:40:15","modified_gmt":"2025-12-25T19:40:15","slug":"les-pierres-levees-et-le-menhir-de-vogesus","status":"publish","type":"page","link":"https:\/\/vogesus.fr\/index.php\/qui-est-andre\/les-conferences\/les-pierres-levees-et-le-menhir-de-vogesus\/","title":{"rendered":"Les pierres lev\u00e9es et le menhir de Vogesus"},"content":{"rendered":"<h3><span style=\"color: #0000ff;\">Souvent Vogesus est triste de voir ses pierres lev\u00e9es et ses menhirs renvers\u00e9s par les travaux forestiers. Or si l\u2019homme occupe l\u2019espace, Vogesus lui s\u2019inscrit dans le temps car le temps prime sur l\u2019espace.<\/span><\/h3>\n<h3><span style=\"color: #0000ff;\">Alors Vogesus vous offre une d\u00e9couverte en 4 minutes du domaine des pierres lev\u00e9es et de la Pierre de Sabba, un menhir fier d\u2019exister.<\/span><\/h3>\n<h3><\/h3>\n<div style=\"width: 622px;\" class=\"wp-video\"><video class=\"wp-video-shortcode\" id=\"video-1075-1\" width=\"622\" height=\"350\" preload=\"metadata\" controls=\"controls\"><source type=\"video\/mp4\" src=\"http:\/\/vogesus.fr\/wp-content\/uploads\/2017\/09\/Pierres-lev\u00e9es-et-le-menhir.mp4?_=1\" \/><a href=\"http:\/\/vogesus.fr\/wp-content\/uploads\/2017\/09\/Pierres-lev\u00e9es-et-le-menhir.mp4\">http:\/\/vogesus.fr\/wp-content\/uploads\/2017\/09\/Pierres-lev\u00e9es-et-le-menhir.mp4<\/a><\/video><\/div>\n<h3><\/h3>\n<h3>&nbsp;<span style=\"color: #0000ff;\">Le chemin commence mal, certes le chemin forestier a \u00e9t\u00e9 rendu carrossable pour le passage du grutier mais sur place les arbres sont d\u00e9j\u00e0 pr\u00eats \u00e0 \u00eatre emmen\u00e9s. La vie s&rsquo;arr\u00eate l\u00e0 pour eux.<\/span><\/h3>\n<h3 style=\"text-align: justify;\"><span style=\"color: #0000ff;\">Le sentier qui nous am\u00e8ne \u00e0 la pierre de Sabba est rendu boueux par les roues des engins, de part et d\u2019autres les pierres qui \u00e9taient encore debout il y a 3 ou 4 ans sont renvers\u00e9es.<\/span><\/h3>\n<h3 style=\"text-align: justify;\"><\/h3>\n<p style=\"text-align: center;\"><strong><span style=\"color: #008000;\">&nbsp;Si vous pr\u00e9f\u00e9rez \u00e9couter le texte plut\u00f4t que de le lire, utilisez le m\u00e9mo vocal ci-dessous<\/span><\/strong><\/p>\n<audio class=\"wp-audio-shortcode\" id=\"audio-1075-1\" preload=\"none\" style=\"width: 100%;\" controls=\"controls\"><source type=\"audio\/mpeg\" src=\"http:\/\/vogesus.fr\/wp-content\/uploads\/2017\/09\/Les-Pierres-Lev\u00e9es.mp3?_=1\" \/><a href=\"http:\/\/vogesus.fr\/wp-content\/uploads\/2017\/09\/Les-Pierres-Lev\u00e9es.mp3\">http:\/\/vogesus.fr\/wp-content\/uploads\/2017\/09\/Les-Pierres-Lev\u00e9es.mp3<\/a><\/audio>\n<h3 style=\"text-align: justify;\"><\/h3>\n<h3 style=\"text-align: justify;\"><span style=\"color: #0000ff;\">Les chiens sont tr\u00e8s nerveux et boivent beaucoup, ils sont presque difficiles \u00e0 supporter et l\u2019ambiance semble \u00e9lectrique. Pourtant le ciel est cl\u00e9ment, il fait juste bon, le soleil se montre entre les nuages.<\/span><\/h3>\n<h3 style=\"text-align: justify;\"><span style=\"color: #0000ff;\">Un indice, les oiseaux ne chantent pas.<\/span><\/h3>\n<h3 style=\"text-align: justify;\"><span style=\"color: #0000ff;\">Certainement que les arbres conscients du danger qui les menace envoient leurs messages aux alentours. Vous savez que les arbres parlent par les parfums qu\u2019ils peuvent transformer jusqu\u2019\u00e0 rendre l\u2019environnement toxique pour leurs agresseurs. Mais ces attaquants sont d\u2019une autre trempe car ils se nourrissent de diesel et colorent les flaques.<\/span><\/h3>\n<h3 style=\"text-align: justify;\"><span style=\"color: #0000ff;\">Les chiens le sentent\u2026<\/span><\/h3>\n<h3 style=\"text-align: justify;\"><span style=\"color: #0000ff;\"><img loading=\"lazy\" decoding=\"async\" data-attachment-id=\"1082\" data-permalink=\"https:\/\/vogesus.fr\/index.php\/qui-est-andre\/les-conferences\/les-pierres-levees-et-le-menhir-de-vogesus\/pierres-levees-_fotor\/#main\" data-orig-file=\"https:\/\/vogesus.fr\/wp-content\/uploads\/2017\/09\/Pierres-Lev\u00e9es-_Fotor.jpg\" data-orig-size=\"2272,1704\" data-comments-opened=\"1\" data-image-meta=\"{&quot;aperture&quot;:&quot;2.8&quot;,&quot;credit&quot;:&quot;&quot;,&quot;camera&quot;:&quot;Canon DIGITAL IXUS i&quot;,&quot;caption&quot;:&quot;&quot;,&quot;created_timestamp&quot;:&quot;1156077614&quot;,&quot;copyright&quot;:&quot;&quot;,&quot;focal_length&quot;:&quot;6.40625&quot;,&quot;iso&quot;:&quot;0&quot;,&quot;shutter_speed&quot;:&quot;0.025&quot;,&quot;title&quot;:&quot;&quot;,&quot;orientation&quot;:&quot;0&quot;}\" data-image-title=\"Pierres Lev\u00e9es  Fotor\" data-image-description=\"&lt;p&gt;Pierres Lev\u00e9es  Fotor&lt;\/p&gt;\n\" data-image-caption=\"&lt;p&gt;Pierres Lev\u00e9es  Fotor&lt;\/p&gt;\n\" data-large-file=\"https:\/\/vogesus.fr\/wp-content\/uploads\/2017\/09\/Pierres-Lev\u00e9es-_Fotor-1024x768.jpg\" class=\" wp-image-1082 alignleft\" src=\"http:\/\/vogesus.fr\/wp-content\/uploads\/2017\/09\/Pierres-Lev\u00e9es-_Fotor-300x225.jpg\" alt=\"Pierres Lev\u00e9es _Fotor\" width=\"368\" height=\"276\" srcset=\"https:\/\/vogesus.fr\/wp-content\/uploads\/2017\/09\/Pierres-Lev\u00e9es-_Fotor-300x225.jpg 300w, https:\/\/vogesus.fr\/wp-content\/uploads\/2017\/09\/Pierres-Lev\u00e9es-_Fotor-768x576.jpg 768w, https:\/\/vogesus.fr\/wp-content\/uploads\/2017\/09\/Pierres-Lev\u00e9es-_Fotor-1024x768.jpg 1024w\" sizes=\"auto, (max-width: 368px) 100vw, 368px\" \/>Nous sommes seuls, o\u00f9 bien il y a des observateurs qui sont cach\u00e9s et nous voient passer sans se manifester. Nous choisissons d\u2019\u00eatre seuls, c\u2019est mieux.<\/span><\/h3>\n<h3 style=\"text-align: justify;\"><span style=\"color: #0000ff;\">Enfin l\u2019atmosph\u00e8re change, la r\u00e9sonnance du lieu devient plus supportable et c\u2019est maintenant que Vogesus vous invite \u00e0 regarder la vid\u00e9o.<\/span><\/h3>\n<h3 style=\"text-align: justify;\"><span style=\"color: #0000ff;\">Si vous prenez soin de bien regarder les images vous verrez que la main de l\u2019homme est pass\u00e9e sur les pierres et les a fa\u00e7onn\u00e9es. Certes le temps y a ajout\u00e9 sa touche mais les formes ne mentent pas, des cercles, triangles.<\/span><\/h3>\n<h3 style=\"text-align: justify;\"><span style=\"color: #0000ff;\">Il en est ainsi des pierres \u00e0 cupules et des pierres votives qui sont parfaitement triangulaires comme une barre de chocolat \u00e0 la diff\u00e9rence pr\u00e8s qu\u2019elles sont emball\u00e9es de mousse.<\/span><\/h3>\n<h3 style=\"text-align: justify;\"><span style=\"color: #0000ff;\"><img loading=\"lazy\" decoding=\"async\" data-attachment-id=\"1081\" data-permalink=\"https:\/\/vogesus.fr\/index.php\/qui-est-andre\/les-conferences\/les-pierres-levees-et-le-menhir-de-vogesus\/pierre-sabba-fotor\/#main\" data-orig-file=\"https:\/\/vogesus.fr\/wp-content\/uploads\/2017\/09\/Pierre-Sabba-Fotor.jpg\" data-orig-size=\"1795,1704\" data-comments-opened=\"1\" data-image-meta=\"{&quot;aperture&quot;:&quot;2.8&quot;,&quot;credit&quot;:&quot;&quot;,&quot;camera&quot;:&quot;Canon DIGITAL IXUS i&quot;,&quot;caption&quot;:&quot;&quot;,&quot;created_timestamp&quot;:&quot;1156077343&quot;,&quot;copyright&quot;:&quot;&quot;,&quot;focal_length&quot;:&quot;6.40625&quot;,&quot;iso&quot;:&quot;0&quot;,&quot;shutter_speed&quot;:&quot;0.076923076923077&quot;,&quot;title&quot;:&quot;&quot;,&quot;orientation&quot;:&quot;0&quot;}\" data-image-title=\"Pierre Sabba Fotor\" data-image-description=\"&lt;p&gt;Pierre Sabba Fotor&lt;\/p&gt;\n\" data-image-caption=\"&lt;p&gt;Pierre Sabba Fotor&lt;\/p&gt;\n\" data-large-file=\"https:\/\/vogesus.fr\/wp-content\/uploads\/2017\/09\/Pierre-Sabba-Fotor-1024x972.jpg\" class=\" wp-image-1081 alignright\" src=\"http:\/\/vogesus.fr\/wp-content\/uploads\/2017\/09\/Pierre-Sabba-Fotor-300x285.jpg\" alt=\"Pierre Sabba Fotor\" width=\"325\" height=\"309\" srcset=\"https:\/\/vogesus.fr\/wp-content\/uploads\/2017\/09\/Pierre-Sabba-Fotor-300x285.jpg 300w, https:\/\/vogesus.fr\/wp-content\/uploads\/2017\/09\/Pierre-Sabba-Fotor-768x729.jpg 768w, https:\/\/vogesus.fr\/wp-content\/uploads\/2017\/09\/Pierre-Sabba-Fotor-1024x972.jpg 1024w, https:\/\/vogesus.fr\/wp-content\/uploads\/2017\/09\/Pierre-Sabba-Fotor.jpg 1795w\" sizes=\"auto, (max-width: 325px) 100vw, 325px\" \/>Parfois en retirant la mousse vous pouvez encore distinguer le signe de la d\u00e9esse m\u00e8re, Ga\u00efa, la terre. Par pudeur nous regarderons sans toucher nous laisserons aux chiens la libert\u00e9 d\u2019entrer en contact.<\/span><\/h3>\n<h3 style=\"text-align: justify;\"><span style=\"color: #0000ff;\">Et puis ce menhir que l\u2019on voudrait celtique alors qu\u2019il remonte \u00e0 l\u2019\u00e9poque des peuplades m\u00e9galithiques que les Druides ont ensuite reconnu comme lieu de culte. Plus tard les rumeurs rapportaient des pratiques de sorcellerie pour effrayer cette France pa\u00efenne, il fallait bien les habiller de mal.<\/span><\/h3>\n<h3 style=\"text-align: justify;\"><span style=\"color: #0000ff;\">Aux cultes, aux l\u00e9gendes succ\u00e8de la gestion de la for\u00eat alors il faut d\u00e9gager pour travailler.<\/span><\/h3>\n<h3 style=\"text-align: justify;\"><span style=\"color: #0000ff;\">Si la pierre tombe, les dieux demeurent.<\/span><\/h3>\n<h3 style=\"text-align: justify;\"><span style=\"color: #0000ff;\">Quand les engins passent, ils n\u2019emm\u00e8nent que l\u2019espace et Vogesus demeure.<\/span><\/h3>\n<h3 style=\"text-align: justify;\"><span style=\"color: #0000ff;\">Bien que\u2026 petit pincement \u00e0 les voir dispara\u00eetre\u2026 car nous aimerions tant que le lieu demeure et en cela nous restons des hommes inscrits dans l\u2019espace.<\/span><\/h3>\n<h3 style=\"text-align: justify;\"><span style=\"color: #0000ff;\">Peut \u00eatre qu\u2019un jour un historien de renom, un tant soit peu po\u00e9tique, et pa\u00efen surtout, \u00e9crira l\u2019histoire des pierres dans les livres d\u2019\u00e9coles.<\/span><\/h3>\n<h3 style=\"text-align: justify;\"><span style=\"color: #0000ff;\">Et que de cette histoire un autre scientifique, pa\u00efen toujours, rendra la chose si \u00e9vidente que les lieux seront enfin prot\u00e9g\u00e9s comme pourrait l\u2019\u00eatre une chapelle du XI\u00e8me si\u00e8cle. Ma foi la for\u00eat est si belle et souvent enlaidie.<\/span><\/h3>\n<h3 style=\"text-align: justify;\"><span style=\"color: #0000ff;\">Mais voil\u00e0 il n\u2019y a de menhirs que pour la Bretagne, le clich\u00e9 est plus facile \u00e0 enseigner, et, pour peu que les l\u00e9gendes disent que les Druides ont dispos\u00e9 les alignements de pierres vous serez devant un leurre.<\/span><\/h3>\n<h3 style=\"text-align: justify;\"><span style=\"color: #0000ff;\">Alors rendons aux pierres l\u2019hommage qui leur d\u00fb car elles couvrent tout le continent et remontent \u00e0 des temps bien recul\u00e9s. Si vous ne le croyez pas, changez vos lectures et \u00e9chappez vous du paradigme confortable si bien entretenu par notre soci\u00e9t\u00e9.<\/span><\/h3>\n<h3><span style=\"color: #0000ff;\">Le 29\/04\/23<\/span><\/h3>\n<h3><span style=\"color: #0000ff;\">Vogesus<\/span><\/h3>\n<h3><\/h3>\n<h3><\/h3>\n<h3 style=\"text-align: center;\"><span style=\"color: #ff6600;\"><em>\u00d4 Vogesus Dieu, &nbsp;Seigneur de ces lieux<\/em><\/span><\/h3>\n<h3 style=\"text-align: center;\"><span style=\"color: #ff6600;\"><em>C&rsquo;est en paix que nous nous pr\u00e9sentons \u00e0 toi<\/em><\/span><\/h3>\n<h3 style=\"text-align: center;\"><span style=\"color: #ff6600;\"><em>Nous sommes r\u00e9unis ici pour ta plus grande gloire<\/em><\/span><\/h3>\n<h3 style=\"text-align: center;\"><span style=\"color: #ff6600;\"><em>&nbsp;<\/em><\/span><\/h3>\n<h3 style=\"text-align: center;\"><span style=\"color: #ff6600;\"><em>C&rsquo;est toi le Ma\u00eetre de ces montagnes<\/em><\/span><\/h3>\n<h3 style=\"text-align: center;\"><span style=\"color: #ff6600;\"><em>C&rsquo;est toi l&rsquo;Esprit des for\u00eats<\/em><\/span><\/h3>\n<h3 style=\"text-align: center;\"><span style=\"color: #ff6600;\"><em>C&rsquo;est toi la Pr\u00e9sence<\/em><\/span><\/h3>\n<h3 style=\"text-align: center;\"><span style=\"color: #ff6600;\"><em>&nbsp;<\/em><\/span><\/h3>\n<h3 style=\"text-align: center;\"><span style=\"color: #ff6600;\"><em>Invisible tu es<\/em><\/span><\/h3>\n<h3 style=\"text-align: center;\"><span style=\"color: #ff6600;\"><em>Perceptible tu es<\/em><\/span><\/h3>\n<h3 style=\"text-align: center;\"><span style=\"color: #ff6600;\"><em>A tes c\u00f4t\u00e9s nous sommes&nbsp;<\/em><\/span><\/h3>\n<h3 style=\"text-align: center;\"><span style=\"color: #ff6600;\"><em>&nbsp;<\/em><\/span><\/h3>\n<h3 style=\"text-align: center;\"><span style=\"color: #ff6600;\"><em>\u00d4 Vogesus enseigne nous la patience<\/em><\/span><\/h3>\n<h3 style=\"text-align: center;\"><span style=\"color: #ff6600;\"><em>Et avec la patience, la conscience<\/em><\/span><\/h3>\n<h3 style=\"text-align: center;\"><span style=\"color: #ff6600;\"><em>Et dans la conscience, le temps<\/em><\/span><\/h3>\n<h3 style=\"text-align: center;\"><span style=\"color: #ff6600;\"><em>&nbsp;<\/em><\/span><\/h3>\n<h3 style=\"text-align: center;\"><span style=\"color: #ff6600;\"><em>Car le temps prime sur l\u2019espace<\/em><\/span><\/h3>\n<h3 style=\"text-align: center;\"><span style=\"color: #ff6600;\"><em>&nbsp;<\/em><\/span><\/h3>\n<h3 style=\"text-align: center;\"><span style=\"color: #ff6600;\"><em>Awen<\/em><\/span><\/h3>\n","protected":false},"excerpt":{"rendered":"<p>Souvent Vogesus est triste de voir ses pierres lev\u00e9es et ses menhirs renvers\u00e9s par les travaux forestiers. Or si l\u2019homme occupe l\u2019espace, Vogesus lui s\u2019inscrit dans le temps car le temps prime sur l\u2019espace. Alors Vogesus vous offre une d\u00e9couverte en 4 minutes du domaine des pierres lev\u00e9es et de la Pierre de Sabba, un [&hellip;]<\/p>\n","protected":false},"author":1,"featured_media":0,"parent":169,"menu_order":10,"comment_status":"closed","ping_status":"closed","template":"","meta":{"footnotes":""},"class_list":["post-1075","page","type-page","status-publish","hentry"],"aioseo_notices":[],"jetpack_sharing_enabled":true,"jetpack_shortlink":"https:\/\/wp.me\/P7ThE8-hl","jetpack-related-posts":[],"_links":{"self":[{"href":"https:\/\/vogesus.fr\/index.php\/wp-json\/wp\/v2\/pages\/1075","targetHints":{"allow":["GET"]}}],"collection":[{"href":"https:\/\/vogesus.fr\/index.php\/wp-json\/wp\/v2\/pages"}],"about":[{"href":"https:\/\/vogesus.fr\/index.php\/wp-json\/wp\/v2\/types\/page"}],"author":[{"embeddable":true,"href":"https:\/\/vogesus.fr\/index.php\/wp-json\/wp\/v2\/users\/1"}],"replies":[{"embeddable":true,"href":"https:\/\/vogesus.fr\/index.php\/wp-json\/wp\/v2\/comments?post=1075"}],"version-history":[{"count":9,"href":"https:\/\/vogesus.fr\/index.php\/wp-json\/wp\/v2\/pages\/1075\/revisions"}],"predecessor-version":[{"id":2321,"href":"https:\/\/vogesus.fr\/index.php\/wp-json\/wp\/v2\/pages\/1075\/revisions\/2321"}],"up":[{"embeddable":true,"href":"https:\/\/vogesus.fr\/index.php\/wp-json\/wp\/v2\/pages\/169"}],"wp:attachment":[{"href":"https:\/\/vogesus.fr\/index.php\/wp-json\/wp\/v2\/media?parent=1075"}],"curies":[{"name":"wp","href":"https:\/\/api.w.org\/{rel}","templated":true}]}}